en 43 is divided by h.
7
Suppose v - 21 - 8 = 0. Suppose -3*p + 14 = i, -7*p + 5*i = -2*p - 50. Calculate the remainder when v is divided by p.
5
Let d(m) = 2*m - 21. Let q be d(10). What is the remainder when 23 is divided by ((-210)/(-45))/(q/((-6)/4))?
2
Let p = -13 - -15. Let i(x) = x**3 - 3*x + 2. Suppose n = 5*r + 6 + 1, -5 = 5*r. What is the remainder when i(p) is divided by n?
0
Let q(j) = -6*j + 14 + j**2 - j - 8*j. Let l be q(10). What is the remainder when (l/(-4))/(-2 - -3) is divided by 3?
0
Let k = -89 - -83. Calculate the remainder when 177 is divided by (k/10)/(6/(-450)).
42
Let p = -163 - -205. Suppose 3*y + 2*f = -f + 3, -3*f - 6 = 0. Suppose 27 = 2*c + 5*j - 6, 2*j - 33 = -y*c. Calculate the remainder when p is divided by c.
6
Let j be ((3 + -2)*111)/(-1). Let p = 164 + j. What is the remainder when p is divided by 14?
11
Suppose -18*g = 60 - 384. Calculate the remainder when g is divided by 6.
0
What is the remainder when 147 is divided by (-38)/((-32)/20 + 6/10)?
33
Suppose -3*s + n = 61, s - 3*s - 35 = 5*n. Calculate the remainder when 0/11 - (s - -2*1) is divided by 7.
4
Suppose -5*j - 10 = 2*m - 67, 0 = j + 5*m + 7. What is the remainder when 150 is divided by j?
7
Calculate the remainder when ((-40)/(-3))/((-2)/(-18)) is divided by 4/(-24)*(91/(-7) + -173).
27
Suppose -2*a - 39 + 105 = -2*g, -5*a + 159 = -2*g. What is the remainder when 116 is divided by a?
23
Suppose 3*n - 432 = -7*w + 6*w, 4*w + 592 = 4*n. What is the remainder when n is divided by 21?
19
Let f be -10*6*(-3)/30. Suppose n - 12 = f. What is the remainder when 53 is divided by n?
17
Let t = -30 - -19. Calculate the remainder when 73 is divided by (-489)/(-33) + (-24)/t + -2.
13
Let m(u) = 11*u - 12. Let t be m(7). Suppose 5*f - t = -0*f. What is the remainder when 17 is divided by f?
4
Suppose -96 - 32 = -16*o. What is the remainder when 398 is divided by o?
6
Let i be (67 + 2)/1 + -4. Let g = -33 + i. Let k = -28 + g. Calculate the remainder when 13 is divided by k.
1
Suppose i + 6*g - 4*g - 14 = 0, -6 = i - 3*g. Let a = 61 + -40. Calculate the remainder when a is divided by i.
3
Let w = -5 + 19. Suppose -5*a - 3*g + 28 = -21, -4*a = 4*g - 44. Calculate the remainder when w is divided by a.
6
Let v = 1 + 10. What is the remainder when (-742)/(-70) - (3 + 51/(-15)) is divided by v?
0
Suppose 3*s - 22 = 20. Calculate the remainder when s is divided by 6.
2
Suppose -v = -5*p + 20, -3*p - 2*v = -0*p - 12. Suppose -2*h = -7*h. Suppose 2*n + p*n - 108 = h. Calculate the remainder when 88 is divided by n.
16
Let d = 98 + -24. What is the remainder when d is divided by 19?
17
Let n = -123 - -136. Let w = -28 + -13. Let l = w - -78. Calculate the remainder when l is divided by n.
11
Suppose 4*l - 8*l = 3*y - 19, -2*y + 14 = 4*l. Let s(q) = -34*q**3. Let p be s(-1). Suppose y*m - 36 = p. Calculate the remainder when 54 is divided by m.
12
Let b = 107 + -69. Suppose 12 + b = 5*q. Calculate the remainder when 28 is divided by q.
8
Let q(o) = 10*o - 74. Calculate the remainder when q(10) is divided by 10.
6
Suppose 4*c - 72 = -8*c. Calculate the remainder when 81 is divided by c.
3
Let f(u) = 26*u**2 + 153*u + 3. Suppose -d + 0*d = -251. Calculate the remainder when d is divided by f(-6).
20
Let s(v) = v**3 - 3*v**2 - 4*v + 12. Suppose -4*p = -133 - 47. Calculate the remainder when p is divided by s(4).
9
What is the remainder when 12/5*((-1250)/(-6) + 15) is divided by 30?
26
What is the remainder when 254 is divided by (-806090)/(-6109) - (-4)/82?
122
Let q(c) = 2*c + 1. Let f(h) = h. Let b(y) = 13*f(y) - 6*q(y). Let d be b(11). Suppose 53 + 27 = d*v. Calculate the remainder when v is divided by 5.
1
Suppose -2*o - 4*v + 188 = 0, -4*o = -7*o - 5*v + 286. What is the remainder when 1017 is divided by o?
99
Suppose 5 = -0*m + m. Suppose -5*u + t = -0*t - 71, m*u - 4*t = 74. Calculate the remainder when 25 is divided by u.
11
Let t = 124 + -86. Suppose 3*q + t = 4*n + n, -3*n + 4*q + 25 = 0. Calculate the remainder when 24 is divided by n.
3
Let m be 3/(-12) + (-22)/8. Let p(x) = 6*x - 16. Let l(d) = d - 3. Let w(n) = m*p(n) + 16*l(n). What is the remainder when 23 is divided by w(-3)?
5
Let l = 684 + -666. What is the remainder when 31 is divided by l?
13
Suppose -4*y - 15 = -167. Suppose q + 6*n - 13 = 3*n, 25 = 5*n. Let h = 11 - q. What is the remainder when y is divided by h?
12
Let s(m) = m**3 + 2*m**2 - m - 2. Suppose -229 = -2*n - 67. Calculate the remainder when n is divided by s(2).
9
Suppose -2*t + 0*t - 16 = 0. Let v = -5 - t. Let j(f) = -2*f + 30. What is the remainder when j(10) is divided by v?
1
Let y = 176 - -196. What is the remainder when y is divided by 36?
12
Suppose b - 3 + 5 = 0, 5*a + 4*b = 1242. Calculate the remainder when a is divided by 63.
61
Let j(m) = m - 9. Let z(n) = n**3 + 4*n**2 - 6*n + 1. Let i be z(-5). Let s be j(i). What is the remainder when 5 is divided by (-2 + 5)/(s/(-3))?
2
Suppose 0 = -5*q - 158 - 77. Let f = q + 54. What is the remainder when 13 is divided by f?
6
Suppose 0*g = 4*g. Suppose -2*t = -g*t - 14. Let h = -1804 - -1808. Calculate the remainder when t is divided by h.
3
Suppose -18*v + 16*v = -102. Calculate the remainder when v is divided by 18.
15
Let c be (-9)/(-3) + 8*1 + -2. Let k(j) = 4*j - 13. What is the remainder when 129/(-3)*(-1)/1 is divided by k(c)?
20
Suppose 5*l - 7*l = -3*c - 30, -7 = l + 4*c. Suppose l*j - 103 - 32 = 0. Calculate the remainder when 56 is divided by j.
11
Suppose 4*m + 21 = 57. What is the remainder when 10 is divided by m?
1
Suppose -5*p + 803 = -397. Let u = p - 118. Suppose 5*d - 31 = 4*d. Calculate the remainder when u is divided by d.
29
Suppose -4*o = 5*n - n - 52, 3*n + 45 = 4*o. Suppose -2*k - 7*i + 7 = -10*i, -i + 21 = 4*k. What is the remainder when o is divided by k?
2
Let j be (10/20)/((-1)/2). Let t(i) = 6*i**3 - i**2 - i - 2. Calculate the remainder when t(2) is divided by (14/(-3))/(j/3).
12
Let c(s) = -4*s - 17. Let f = 15 - 22. Calculate the remainder when 40 is divided by c(f).
7
Let x be 2/(-8) - 45/(-20). Let l(f) = 2*f**3 + f**2 + f - 1. Calculate the remainder when l(x) is divided by 14.
7
Let x(l) = -4*l + 44. What is the remainder when x(-10) is divided by 5?
4
Let k be -34*(2 + 6/(-4)). Let q = k + 20. Suppose x = -4*u + 66, -74 = -2*u - 3*u + q*x. Calculate the remainder when 29 is divided by u.
13
Let j(l) = -l**3 + 15*l**2 + 20*l - 37. Let z = -15 + 28. What is the remainder when j(16) is divided by 2 + (z - 2 - -2)?
12
Let m(y) = 7*y + 4. Suppose -4*n + p - 6 = 0, 0 = 4*n - 3*p + 7 + 3. Let g be 87/21 + n/7. Calculate the remainder when m(g) is divided by 9.
5
Suppose -2*t + 2789 = 275. What is the remainder when t is divided by 36?
33
Let a(d) = 4*d**2 + 4*d + 2. Let g = -1 - 1. Let w = -17 + 54. Calculate the remainder when w is divided by a(g).
7
Suppose -2*f = -4*f + 8, 2*m = 2*f. Suppose -174 = -p - p + 4*t, 0 = 5*p + m*t - 379. What is the remainder when p is divided by 27?
25
Let h be (-69)/(-92) + -45*(-2)/8. Calculate the remainder when 37 is divided by (-32)/(-10)*30/h.
5
Let w be (-6 - -8)/((-1)/(-2)). What is the remainder when -3 + 0 + 208 + w is divided by 35?
34
Suppose 0 = 5*f + 3*v - 120, -18*v = -2*f - 22*v + 48. Let r = 78 - 34. What is the remainder when r is divided by f?
20
Let s = -110 + 160. Let b = -616 - -633. What is the remainder when s is divided by b?
16
Let v(y) = 4*y + 18. Let p be v(6). Suppose -d = -p + 37. What is the remainder when d is divided by -1*(-2)/((-1)/(-1))?
1
Let t(i) = -4*i - 1. Let r(s) = -2*s + 1. Let m be r(3). Let j be t(m). Suppose -4*h + 25 + j = 0. What is the remainder when 43 is divided by h?
10
Let c = -373 - -539. Suppose -4*y - 5*n + 384 = 0, 5*n - n + c = 2*y. Let o = y + -58. Calculate the remainder when o is divided by 17.
16
Let p(d) = -d**3 + 12*d**2 - 12*d - 23. Calculate the remainder when 168 is divided by p(10).
54
Suppose 0 = -21*u + 5056 + 194. What is the remainder when u is divided by 62?
2
Calculate the remainder when 295 is divided by ((-6)/(-4))/(3 - (-130)/(-44)).
31
Let u = 18 - 15. Suppose u*q - 9 = 2*a - 0, -3*q = 3*a - 9. Suppose 5*o - 604 = -j, o - q*o + 241 = j. Calculate the remainder when o is divided by 31.
28
Calculate the remainder when 527 is divided by ((38